et f = -10 - -14. Let v(x) = -x - 1. Let i(j) = -4*j - 3. Let s(q) = -i(q) + 3*v(q). What are the prime factors of s(f)?
2
Let z = 10 + -1. Suppose 3*l = s + 41, 5*s + z = l - 14. What are the prime factors of l?
13
Let g(l) be the second derivative of -l**4/24 + 2*l**3/3 + 3*l**2/2 + l. Let r(k) be the first derivative of g(k). What are the prime factors of r(-9)?
13
What are the prime factors of 6986/28 + (-2)/4?
3, 83
Suppose -5*q - 56 = -6. Let z = q + 12. List the prime factors of z.
2
Let a(d) = d**2 - 9*d - 6. List the prime factors of a(-7).
2, 53
Suppose 3*r - 17 = 4. Suppose 5*h = -r - 63. Let x = h - -21. What are the prime factors of x?
7
Suppose 0*f + f - 5*r = -19, 0 = -3*f + 4*r - 35. Let h = -5 - f. What are the prime factors of h?
2
Suppose 0 = v - 2 - 2. Suppose v*t = y - 0 + 6, -21 = 2*y + t. Let f = y + 14. List the prime factors of f.
2
Let k(q) = -q**3 + 3*q**2 + 11*q + 5. Let s be k(5). Suppose -64 = -w - 3*w. Suppose 3*o + 4*h - s - w = 0, -7 = 4*o - 3*h. List the prime factors of o.
2
Let o = 41 - -269. Suppose -6*v + o = 10. List the prime factors of v.
2, 5
Suppose n = 5*t + 56, -202 = -4*n - 3*t + t. What are the prime factors of n?
3, 17
List the prime factors of (115 + -3)*(1 + 0/(-2)).
2, 7
Let y(l) = -l**2 - l. Suppose 0 = 2*x - 0*x + a + 1, -4*x - 4*a = 0. Let o be y(x). Suppose o*j = -j + 14. What are the prime factors of j?
2, 7
Suppose -11 - 1 = 3*x. Suppose 0 = 5*v - 39 - 21. Let g = v + x. What are the prime factors of g?
2
Suppose 0 = p + 5 - 24. Suppose 2*m + 7 = -4*g - 7, -2*m = 5*g + p. List the prime factors of m.
3
Suppose 0 = 2*i - 5*r - 18, -4*i - 5*r + 63 = -3. List the prime factors of i.
2, 7
Let k(b) = -4*b + 2. Let i be k(3). Let h(g) = g**3 + 10*g**2 + 14. What are the prime factors of h(i)?
2, 7
Suppose 8*w - 20 = 4*w. What are the prime factors of w?
5
Let g = 20 - 12. Suppose -d + g = 4*q, 0*q = -2*q + 4*d - 14. Suppose 3*b = 4*s + q, b + 0*b - 3*s + 8 = 0. What are the prime factors of b?
7
Suppose 0*n = n - f - 10, 5*n - 3*f - 48 = 0. Let v = -5 + n. List the prime factors of (-87)/(-9) - v/6.
3
What are the prime factors of (-346)/(-6) - (-12)/36?
2, 29
Let b(i) = i**2 + 10*i - 11. Suppose -65 + 17 = 4*j. What are the prime factors of b(j)?
13
Suppose 2*a = -f - 0*a + 5, 0 = -5*f - 5*a. Let d be (-20)/(-8)*(-14)/f. Suppose 0 = -3*t + 4*g + 26, t - g + 0 = d. List the prime factors of t.
2
Suppose -f = -4 - 63. List the prime factors of f.
67
Let s(q) = -q**3 - 6*q**2 - 5*q + 7. Let n be s(-5). Suppose -4*f + 4*g = -3*f + n, 3*f - 18 = -g. List the prime factors of f.
5
Suppose -n - n = 3*m - 131, -4*n - 20 = 0. What are the prime factors of m?
47
Let u = 10 + -6. Let z(g) = -g**3 + 4*g**2 + 3. Let v be z(u). What are the prime factors of 2*v/(-2) + 18?
3, 5
Let j(v) = 18*v - 4. Let z(k) = 19*k - 4. Let r(h) = 6*j(h) - 5*z(h). Let t be r(3). Suppose 5*q = 5*f + t, -5*q + 0*f = 4*f + 10. List the prime factors of q.
2
Let v(r) = -2*r**3 - r**2 - r. Let n(u) = -u**3 + 5*u**2 - 5*u + 2. Let c be n(4). List the prime factors of v(c).
2, 7
Suppose -b = 9*b - 540. List the prime factors of b.
2, 3
Suppose -13*z - 268 = -17*z. What are the prime factors of z?
67
Suppose -5*f = -5 - 5. Suppose -3*k + 25 = f*k. Suppose u + 13 = k*u - 3*m, -1 = -m. List the prime factors of u.
2
What are the prime factors of (-1 - (-5)/2)*(-798)/(-9)?
7, 19
Let l be (-10 + 0)/((-2)/4). Let p = l + -8. List the prime factors of p.
2, 3
List the prime factors of 0 + 19 + 24/(-8).
2
Let k(r) = -r**2 + r + 14. Suppose 5*t - 3 = -2*y - 20, -2*y + 10 = -4*t. Let a = y - -1. What are the prime factors of k(a)?
2, 7
Suppose 4*t - 354 = 2*j, 0*t - 101 = -t + 3*j. List the prime factors of t.
2, 43
List the prime factors of 393/9 - 6/9.
43
Suppose -3*o + 36 = -24. List the prime factors of o.
2, 5
Let o(k) = -k**2 + 22*k - 5. What are the prime factors of o(19)?
2, 13
Let a = 22 - 9. List the prime factors of a.
13
Suppose 0 = y + y. Suppose -15 = -y*v + v. Let a = -1 - v. List the prime factors of a.
2, 7
Suppose s = 3*f - 15, -8*f + 35 = -3*f - 5*s. Let b be (-50)/(-12) + f/(-24). Suppose 42 = -a + b*a. What are the prime factors of a?
2, 7
Suppose -2*i = -4*k + 632, -2*i - 281 = -5*k + 510. What are the prime factors of k?
3, 53
Let t(y) = -2*y + 0*y - 6 - 3*y - y. List the prime factors of t(-4).
2, 3
Let a = 0 - -3. Let q(z) = z**2 - 2*z + 1. What are the prime factors of q(a)?
2
Let h be 3 - 0 - (4 + -1). Suppose h*l + 3*l + 15 = 0, z - l - 9 = 0. What are the prime factors of z?
2
Suppose 0*i = -i + 21. List the prime factors of i.
3, 7
Let c(k) = 9*k + 4. List the prime factors of c(4).
2, 5
Let f(y) = -y + 13. Suppose -6*l + l = 50. What are the prime factors of f(l)?
23
Suppose -3*u + 2*d + 108 = 0, 6*u = u + 4*d + 178. What are the prime factors of u?
2, 19
Suppose -9 + 29 = t. Let z = -7 + t. What are the prime factors of z?
13
Suppose 0 = -4*o - 3*i + 531, -4*o - 4*i - 687 = -9*o. What are the prime factors of o?
3, 5
Suppose -2*k = -5*k + 27. Let j(y) = -y**3 + 10*y**2 - 10*y + 6. Let r be j(k). List the prime factors of 2/(r/(-3)) + 0.
2
Suppose -c = 1 + 1, -4*c = 2*d - 412. What are the prime factors of d?
2, 3, 5, 7
Suppose 3*u + 4*i + 4 = 22, 0 = -i + 3. Let d be (3 - u - -1) + 3. Suppose -x - 32 = -d*x. What are the prime factors of x?
2
Let g = -23 + 43. Let w be (-4)/(2/1) + -12. Let y = w + g. What are the prime factors of y?
2, 3
Let o = 12 + -8. Let t = 73 - 50. Let w = t - o. What are the prime factors of w?
19
Suppose -o + 9 = -2*p + 4*o, 0 = -p + 4*o - 9. Suppose -p*l + 32 = -4. Suppose 2*w + 0*w - l = 0. List the prime factors of w.
2, 3
Suppose 3*f - 1 = 2*f. Let x = f + 6. What are the prime factors of x?
7
Let q be (1 - 2)/((-2)/30). Suppose 0 = 4*a + 3 - q. Suppose 22 + 8 = a*v. What are the prime factors of v?
2, 5
Suppose -10*x + 2*x = -216. What are the prime factors of 6/x + 340/9?
2, 19
Let p(u) = 84*u**2 + 2*u - 2. Let o be p(1). Suppose -5*z + 3*i = -z - 71, 0 = -5*z - i + o. What are the prime factors of z?
17
Let s be 4/24 - (-34)/12. Suppose s*b - 27 = -0*b. What are the prime factors of b?
3
Let o be (12/7)/(4/42). Let i = o - -3. What are the prime factors of i?
3, 7
Suppose -2*j + 27 = j. What are the prime factors of j?
3
Let d(s) = -3*s + 23. List the prime factors of d(-7).
2, 11
Let f = -57 - -143. List the prime factors of f.
2, 43
Let h be -9*(2 - (-28)/(-6)). List the prime factors of (-1188)/h*(-4)/6.
3, 11
Suppose -5*z = -2*z - j - 129, -3*z = -2*j - 129. List the prime factors of z.
43
Suppose 0 = -3*n - w + 77, 6*n - 24 = 5*n - 2*w. What are the prime factors of n?
2, 13
Suppose 13 = v - 5*o, 3*v - 22 = -o + 1. What are the prime factors of v?
2
Let s = 77 + 102. List the prime factors of s.
179
Suppose -14*f + 10*f + 72 = 0. List the prime factors of f.
2, 3
Suppose -2*z + 3*i + 285 = 4*i, -z + i = -144. List the prime factors of z.
11, 13
Let j = 592 - 396. What are the prime factors of j?
2, 7
Suppose 7*r + 295 = 9*r - h, -4*r = 4*h - 620. List the prime factors of r.
2, 3, 5
Let a(b) = 5*b - 1. Let t = 3 - 1. Let n be a(t). Let m = n + 0. List the prime factors of m.
3
What are the prime factors of -1 - (4 - -23)/(-3)?
2
Let s(h) = 17*h + 1. Suppose -3*d = -0*d - 3. List the prime factors of s(d).
2, 3
Let d(z) = z**2 + 5*z + 7. Let i(k) be the third derivative of -k**5/15 + k**4/24 - 2*k**2. Let y be i(-1). List the prime factors of d(y).
7
Suppose -129 = -2*q + 15. List the prime factors of q.
2, 3
Let s = 14 + -10. Let p be 0 + 15*s/6. Suppose -f - 3 = -p. List the prime factors of f.
7
Suppose 3*n = 2*u + 16, -u = 2*n + 2*u - 2. Let k be 10/n*(-16)/(-20). Suppose -j = -f + 3, -5*f + k*j = -2*j - 16. What are the prime factors of f?
2
Let n = 2 - 2. Let a be (-4 - -3)*(n + -1). List the prime factors of (4/a)/(-2 + 3).
2
Let w(u) = 0*u**2 - 6*u + 0*u**2 - 7 - u**2. Let j be w(-5). Let m(k) = -2*k**3 + 4*k + 3. List the prime factors of m(j).
11
Suppose -4*s + 58 = -5*k, 0*s - 4*k = -2*s + 26. List the prime factors of s.
17
Suppose 3*q + 27 = 6*q. Suppose -6 = 3*f - 4*l, l - q = f - 4*f. Suppose -w + f = -0. What are the prime factors of w?
2
List the prime factors of 302/5 - (-3 + 36/15).
61
Let v(o) = 4*o - 6. Let b(q) = 6*q**2 + q - 1. Let a = 3 + -2. Le